
9
Let t(y) = -y**2 + 3*y - 50*y**3 - 5*y + 0*y + y. What is the remainder when t(-1) is divided by (-252)/(-20) + 4/10?
11
Let h = -23 + 203. Calculate the remainder when h is divided by 26.
24
Suppose -83 + 13 = -2*m. What is the remainder when m is divided by 18?
17
Let p be 3*(-8)/36*-96. Let x = p - 49. Calculate the remainder when 57 is divided by x.
12
Suppose p = 2*v - 7*v + 4, 0 = 3*v + p - 2. What is the remainder when 3 is divided by v?
0
Let t(c) = 2*c - 2. Let x be t(5). Suppose -2*v + 16 = -2*f, f - x = -4*v - 3*f. What is the remainder when 8 is divided by v?
3
Let q = 81 - 34. Calculate the remainder when q is divided by (-3)/(-12) + 235/20.
11
Let q be 0 + -1 + (11 - 8). Let z be -11 + 3/(q - 1). What is the remainder when 22 is divided by (2 - (-14)/(-4))*z?
10
Suppose 3*r - 9 = -0*r. Calculate the remainder when 21 is divided by -3*(0 - 7/r).
0
Calculate the remainder when 389 is divided by (-84*(-16)/(-160))/(3/(-20)).
53
Suppose 5*c + 0*c - 105 = -5*v, -5*c + 101 = v. What is the remainder when 44 is divided by c?
4
Suppose -c + 4*c - 2485 = t, c + 4*t - 811 = 0. Calculate the remainder when c is divided by 92.
91
Let p = -357 + 365. Calculate the remainder when 268 is divided by p.
4
Let p = 79 - 93. Let m(z) = z + 19. What is the remainder when 9 is divided by m(p)?
4
Suppose s + 4 = 5*s. Let q be (1 - 6)*s + 3. Calculate the remainder when (-5 - 3)/(q/7) is divided by 10.
8
Let m = -459 - -841. Calculate the remainder when 168 is divided by (m/70 - (-21)/(-35))*7.
32
Let f(y) = 3*y - 2. Let h be f(2). Let s(j) = -j**2 + 24*j - 104. Let g be s(7). Calculate the remainder when 42 is divided by (h + g/(-4))*44.
9
Suppose 2 + 4 = 3*z + 3*p, 0 = 5*z + 4*p - 12. Let d(k) = k**3 - 3*k**2 + 2*k + 2. Calculate the remainder when 49 is divided by d(z).
23
Let o(z) = 7*z + 2. Let u(i) = -5 - i - 3*i + 6*i**2 - i**3 + 1 + 1. Let b be u(5). Calculate the remainder when 47 is divided by o(b).
15
Suppose 12 = 10*s - 4*s. What is the remainder when 19 is divided by s?
1
Let c = 26 + -21. Suppose 25 = -m - 4*m, 0 = -3*s - 5*m + c. Calculate the remainder when s is divided by -1 + 1/(1/4).
1
Let a(c) = 4*c - 1. Suppose -4 = 7*u - 312. Calculate the remainder when u is divided by a(4).
14
Suppose -v + 18 - 3 = 0. Let x = v + 20. What is the remainder when x is divided by 6?
5
What is the remainder when (-1)/(2/18*(-2)/42) is divided by 24?
21
Suppose 4*b = 2*m - 158, -2*m - 41 + 201 = -3*b. Calculate the remainder when m is divided by 28.
27
Let o(l) = -101*l + 710. Calculate the remainder when 57 is divided by o(7).
0
Suppose -46*j - 6264 = -82*j. What is the remainder when j is divided by 36?
30
Let v(d) = -9*d - 6. Let a be v(2). Suppose -g + 5*y = -139 + 31, -4*y - 12 = 0. What is the remainder when g is divided by (-448)/a + (-4)/6 + 1?
17
Suppose 32*v + 379 = 5*j + 34*v, 2 = v. What is the remainder when 3749 is divided by j?
74
Suppose 66 = 5*u + p, 4*u + 4*p - p = 44. Suppose u*m - 11*m = 27. What is the remainder when 37 is divided by m?
1
Suppose 2*s - 305 = -4*w - 59, -w + 51 = -3*s. Suppose -2*h = 2*h - w. Let f = 184 + -127. Calculate the remainder when f is divided by h.
12
Suppose 71*v = 74*v - 105. Let g = 63 - v. Calculate the remainder when 53 is divided by g.
25
Suppose -5*z = 5*v - 815, -4*v + 8*v - 643 = -z. Suppose m + v = 6*m. Calculate the remainder when m is divided by 9.
5
Suppose 4*o - 57 = -13. Suppose 5*x + 2*t + 22 = 0, -x = 3*x - t + 28. Let c = o + x. Calculate the remainder when 7 is divided by c.
2
Let s = -48 + 96. Let y = s + -16. What is the remainder when 62 is divided by y?
30
Let m(o) = -o**3 - o**2 + o + 53. Let h be (-5)/(-1)*(-12)/(-10). Suppose 0 = -9*k + h*k + 57. Calculate the remainder when m(0) is divided by k.
15
Let p = -7 + -19. What is the remainder when 65 is divided by (46/(-4))/(13/p)?
19
Suppose -4*n + 110 = -2*z, 2*z - 76 - 22 = -4*n. Calculate the remainder when 258 is divided by n.
24
Let h(b) = b**3 - 5*b**2 - 3*b + 1. Suppose 3 = -o - 3*z - 6, -5*o + z = -35. Calculate the remainder when 36 is divided by h(o).
17
What is the remainder when 71 is divided by 66 - (5 - 3)*1?
7
Let w(y) = -y**3 + 8*y**2 - 5*y - 6. Suppose 0*v + 4*v + 36 = 0. Let z = v - -16. Calculate the remainder when w(z) is divided by 3.
2
Let p(t) = -t**2 + 2*t - 23. Let h be p(0). Let s(z) = -z + 19. What is the remainder when s(h) is divided by 13?
3
Calculate the remainder when 32 + (-5)/((-1 - 3)/4) is divided by 20.
17
Let x(d) = 15*d - 26. What is the remainder when 145 is divided by x(7)?
66
Suppose 2*q + 75 = s + 138, 5*q - 2*s = 159. Let r(z) = 0 + 3*z + 0. Calculate the remainder when q is divided by r(4).
9
Let v = -108 - -112. Suppose -2*c + 0 - 2 = 0, 4*i - 5*c - 61 = 0. What is the remainder when i is divided by v?
2
Suppose 0 = -5*n - 10*h + 13*h + 479, n + 2*h - 101 = 0. Calculate the remainder when n is divided by 87.
10
Calculate the remainder when 96 is divided by 3*(-16)/(-12) - -4*8.
24
Suppose 5*s + 15*k - 302 = 16*k, 3*s - 188 = 4*k. What is the remainder when 232 is divided by s?
52
Suppose -k = 3*i - 33, 2*k - 65 - 6 = -5*i. Let h(w) = 3*w**3 - 4*w**2 + 4*w - 2. Calculate the remainder when k is divided by h(2).
6
Suppose 4*w - 24 = 3*f, -w + f = -2*w - 1. Suppose 6 = w*r - 5*z - 7, -5*z = -5. Calculate the remainder when (-2)/(((-20)/(-9))/(-10)) is divided by r.
3
Let d = -968 - -984. What is the remainder when 238 is divided by d?
14
Let n(a) = -a**3 + 2*a**2 + 12*a - 25. Suppose 3*g = -2 + 8. Calculate the remainder when n(3) is divided by g.
0
Suppose 2*m = 87 + 53. Suppose t - 39 = -2*a, a - m - 20 = -2*t. Calculate the remainder when 91 is divided by t.
44
Let y = -22 + 18. Let m = y + 14. Calculate the remainder when 49 is divided by m.
9
Let q(u) = 4*u. Let d be q(3). Let j = -12 + d. Calculate the remainder when (-2 + (-1 - j))*-21 is divided by 16.
15
Let s be (-276)/(-15) + 4/(-10). Suppose 5*f + 5*o = 60, -f + 4 + s = 3*o. Calculate the remainder when (-38)/(-4) - (-56)/112 is divided by f.
3
Calculate the remainder when 927 is divided by 2 - -112 - (0 - 2).
115
Let t(a) = -4*a**3 + a**2 - 2*a. Calculate the remainder when t(-3) is divided by 7.
4
Let m = -9 - -13. Suppose m*t - 147 = t. Let j = -32 - -49. Calculate the remainder when t is divided by j.
15
Suppose -4*n - l + 223 = 4*l, 0 = 2*n + l - 119. Calculate the remainder when n is divided by (7/2 - 2)*6.
8
Suppose 4*w = -3*c + 22, -5*c + 24 = 5*w - 3*c. Suppose -w*a = -5*q - 15, 23 = 2*a + 2*a + 3*q. What is the remainder when a is divided by 4?
1
Let x(d) = -d**3 - 5*d**2 + 14*d + 2. Calculate the remainder when 2 is divided by x(-7).
0
Suppose -j - 3*j = -8. Suppose -j*h + 108 = -6. Calculate the remainder when h is divided by 31.
26
Suppose 0 = 5*x - 37 - 8. Let d be (-3)/x + 212/6. Let y = d - -10. What is the remainder when y is divided by 12?
9
What is the remainder when -4*(-1533)/112*56/2 is divided by 26?
25
Calculate the remainder when 15 is divided by (4 + -1)/(5/((-20)/(-3))).
3
Suppose -n + 10*n = 117. Calculate the remainder when 233 is divided by n.
12
Let c = 81 - 52. Suppose -3*z = -123 - 129. What is the remainder when z is divided by c?
26
Suppose -11*k + 9*k + 14 = 4*g, 0 = 2*k - 2. Calculate the remainder when 500 is divided by g.
2
Let l = 840 - 814. Calculate the remainder when 60 is divided by l.
8
Suppose 8 = -2*t - 0*t, 5*n - 125 = 5*t. Suppose r + 3*r = -3*l + 8, 2*r - 22 = 3*l. Suppose r*s + 94 = 394. What is the remainder when s is divided by n?
18
Suppose 19*f - 17*f - 8 = 0. Suppose 6*u - 42 = f*u. Calculate the remainder when 81 is divided by u.
18
Let j(n) = -47 + 54 + 2*n**2 + n**3 - 8*n + 3*n**2. Let b be j(-7). Let k = 13 - b. Calculate the remainder when k is divided by 25.
23
What is the remainder when 166 is divided by 4 - (780/(-16) + (-15)/(-20))?
10
Suppose -n - 682 = -23*n. Calculate the remainder when 369 is divided by n.
28
Let a(s) = 4*s + 1. Let f = 125 + -121. What is the remainder when a(1) is divided by f?
1
Let i be (56/(-21))/(-1) + 4/(-6). Suppose -5*k - 3*a + i*a = -242, -205 = -4*k + 3*a. Calculate the remainder when k is divided by 25.
24
Suppose -29*r = -25*r - 16. Let u(z) = -8*z + 2. Let c be u(-3). Let g = c + r. What is the remainder when g is divided 